{"id":12,"date":"2019-01-23T14:56:21","date_gmt":"2019-01-23T14:56:21","guid":{"rendered":"http:\/\/www.intebilenundermilen.se\/?page_id=12"},"modified":"2019-01-23T14:56:59","modified_gmt":"2019-01-23T14:56:59","slug":"om-sajten","status":"publish","type":"page","link":"http:\/\/www.intebilenundermilen.se\/?page_id=12","title":{"rendered":"Om sajten"},"content":{"rendered":"\n<figure class=\"wp-block-image\"><img loading=\"lazy\" width=\"1024\" height=\"670\" src=\"http:\/\/www.intebilenundermilen.se\/wp-content\/uploads\/2019\/01\/bild-1-1024x670.jpg\" alt=\"\" class=\"wp-image-14\" srcset=\"http:\/\/www.intebilenundermilen.se\/wp-content\/uploads\/2019\/01\/bild-1-1024x670.jpg 1024w, http:\/\/www.intebilenundermilen.se\/wp-content\/uploads\/2019\/01\/bild-1-300x196.jpg 300w, http:\/\/www.intebilenundermilen.se\/wp-content\/uploads\/2019\/01\/bild-1-768x502.jpg 768w, http:\/\/www.intebilenundermilen.se\/wp-content\/uploads\/2019\/01\/bild-1.jpg 1070w\" sizes=\"(max-width: 1024px) 100vw, 1024px\" \/><\/figure>\n\n\n\n<p>Sjukgymnastf\u00f6rbundet och Gr\u00f6na Bilister startade den 30 juni kampanjen Inte Bilen Under Milen. Kampanjen ska f\u00e5 fler att avst\u00e5 fr\u00e5n bilen f\u00f6r de korta resorna, s\u00e5 att milj\u00f6n och folkh\u00e4lsan f\u00f6rb\u00e4ttras. Kommuner, f\u00f6retag och privatpersoner utmanas att g\u00e5 med. <br><\/p>\n\n\n\n<p>Kampanjen har idag avslutats och intebilenundermilen.se forts\u00e4tter att driva viktiga fr\u00e5gor som att f\u00f6rs\u00f6ka avst\u00e5 fr\u00e5n bilen f\u00f6r de korta resorna.  Vi kommer att skriva roliga och intressanta artiklar som \u00e4r framf\u00f6rallt bilrelaterade men ocks\u00e5 med inslag av andra \u00e4mnen med j\u00e4mna mellanrum.<\/p>\n\n\n\n<p><br> <\/p>\n\n\n\n<p><br> <\/p>\n","protected":false},"excerpt":{"rendered":"<p>Sjukgymnastf\u00f6rbundet och Gr\u00f6na Bilister startade den 30 juni kampanjen Inte Bilen Under Milen. Kampanjen ska f\u00e5 fler att avst\u00e5 fr\u00e5n bilen f\u00f6r de korta resorna, s\u00e5 att milj\u00f6n och folkh\u00e4lsan f\u00f6rb\u00e4ttras. Kommuner, f\u00f6retag och privatpersoner utmanas att g\u00e5 med. Kampanjen har idag avslutats och intebilenundermilen.se forts\u00e4tter att driva viktiga fr\u00e5gor som att f\u00f6rs\u00f6ka avst\u00e5 fr\u00e5n bilen f\u00f6r de korta resorna. [&hellip;]<\/p>\n","protected":false},"author":1,"featured_media":8,"parent":0,"menu_order":0,"comment_status":"closed","ping_status":"closed","template":"","meta":[],"_links":{"self":[{"href":"http:\/\/www.intebilenundermilen.se\/index.php?rest_route=\/wp\/v2\/pages\/12"}],"collection":[{"href":"http:\/\/www.intebilenundermilen.se\/index.php?rest_route=\/wp\/v2\/pages"}],"about":[{"href":"http:\/\/www.intebilenundermilen.se\/index.php?rest_route=\/wp\/v2\/types\/page"}],"author":[{"embeddable":true,"href":"http:\/\/www.intebilenundermilen.se\/index.php?rest_route=\/wp\/v2\/users\/1"}],"replies":[{"embeddable":true,"href":"http:\/\/www.intebilenundermilen.se\/index.php?rest_route=%2Fwp%2Fv2%2Fcomments&post=12"}],"version-history":[{"count":2,"href":"http:\/\/www.intebilenundermilen.se\/index.php?rest_route=\/wp\/v2\/pages\/12\/revisions"}],"predecessor-version":[{"id":15,"href":"http:\/\/www.intebilenundermilen.se\/index.php?rest_route=\/wp\/v2\/pages\/12\/revisions\/15"}],"wp:featuredmedia":[{"embeddable":true,"href":"http:\/\/www.intebilenundermilen.se\/index.php?rest_route=\/wp\/v2\/media\/8"}],"wp:attachment":[{"href":"http:\/\/www.intebilenundermilen.se\/index.php?rest_route=%2Fwp%2Fv2%2Fmedia&parent=12"}],"curies":[{"name":"wp","href":"https:\/\/api.w.org\/{rel}","templated":true}]}}

<figure class="wp-block-image"><img loading="lazy" width="1024" height="670" src="http://www.intebilenundermilen.se/wp-content/uploads/2019/01/bild-1-1024x670.jpg" alt="" class="wp-image-14" srcset="http://www.intebilenundermilen.se/wp-content/uploads/2019/01/bild-1-1024x670.jpg 1024w, http://www.intebilenundermilen.se/wp-content/uploads/2019/01/bild-1-300x196.jpg 300w, http://www.intebilenundermilen.se/wp-content/uploads/2019/01/bild-1-768x502.jpg 768w, http://www.intebilenundermilen.se/wp-content/uploads/2019/01/bild-1.jpg 1070w" sizes="(max-width: 1024px) 100vw, 1024px" /></figure>



<p>Sjukgymnastförbundet och Gröna Bilister startade den 30 juni kampanjen Inte Bilen Under Milen. Kampanjen ska få fler att avstå från bilen för de korta resorna, så att miljön och folkhälsan förbättras. Kommuner, företag och privatpersoner utmanas att gå med. <br></p>



<p>Kampanjen har idag avslutats och intebilenundermilen.se fortsätter att driva viktiga frågor som att försöka avstå från bilen för de korta resorna.  Vi kommer att skriva roliga och intressanta artiklar som är framförallt bilrelaterade men också med inslag av andra ämnen med jämna mellanrum.</p>



<p><br> </p>



<p><br> </p>

<p>Sjukgymnastförbundet och Gröna Bilister startade den 30 juni kampanjen Inte Bilen Under Milen. Kampanjen ska få fler att avstå från bilen för de korta resorna, så att miljön och folkhälsan förbättras. Kommuner, företag och privatpersoner utmanas att gå med. Kampanjen har idag avslutats och intebilenundermilen.se fortsätter att driva viktiga frågor som att försöka avstå från bilen för de korta resorna. [&hellip;]</p>
